{"id":16,"date":"2023-03-04T20:04:16","date_gmt":"2023-03-04T19:04:16","guid":{"rendered":"http:\/\/bedive.be\/?page_id=16"},"modified":"2023-03-04T21:37:03","modified_gmt":"2023-03-04T20:37:03","slug":"portofolio","status":"publish","type":"page","link":"https:\/\/bedive.be\/","title":{"rendered":"Portofolio"},"content":{"rendered":"\n<div class=\"wp-block-cover alignfull\" style=\"min-height:300px;aspect-ratio:unset;\"><span aria-hidden=\"true\" class=\"wp-block-cover__background has-nv-site-bg-background-color has-background-dim-100 has-background-dim\"><\/span><div class=\"wp-block-cover__inner-container is-layout-flow wp-block-cover-is-layout-flow\">\n<div class=\"wp-block-group\"><div class=\"wp-block-group__inner-container is-layout-flow wp-block-group-is-layout-flow\">\n<h1 class=\"has-text-align-left has-neve-text-color-color has-text-color wp-block-heading\">Portfolio<\/h1>\n<\/div><\/div>\n<\/div><\/div>\n\n\n\n<div class=\"wp-block-cover alignfull\" style=\"min-height:600px;aspect-ratio:unset;\"><span aria-hidden=\"true\" class=\"wp-block-cover__background has-nv-light-bg-background-color has-background-dim-100 has-background-dim\"><\/span><div class=\"wp-block-cover__inner-container is-layout-flow wp-block-cover-is-layout-flow\">\n<div class=\"wp-block-group\"><div class=\"wp-block-group__inner-container is-layout-flow wp-block-group-is-layout-flow\">\n<div style=\"height:80px\" aria-hidden=\"true\" class=\"wp-block-spacer\"><\/div>\n\n\n\n<div class=\"wp-block-columns are-vertically-aligned-center is-layout-flex wp-container-core-columns-is-layout-9d6595d7 wp-block-columns-is-layout-flex\">\n<div class=\"wp-block-column is-vertically-aligned-center is-layout-flow wp-block-column-is-layout-flow\" style=\"flex-basis:50%\">\n<figure class=\"wp-block-image size-large\"><img loading=\"lazy\" decoding=\"async\" width=\"1024\" height=\"680\" src=\"http:\/\/bedive.be\/wp-content\/uploads\/2023\/03\/901994_446871212066021_292801734_o-1024x680.jpeg\" alt=\"\" class=\"wp-image-55\" srcset=\"https:\/\/bedive.be\/wp-content\/uploads\/2023\/03\/901994_446871212066021_292801734_o-1024x680.jpeg 1024w, https:\/\/bedive.be\/wp-content\/uploads\/2023\/03\/901994_446871212066021_292801734_o-300x199.jpeg 300w, https:\/\/bedive.be\/wp-content\/uploads\/2023\/03\/901994_446871212066021_292801734_o-768x510.jpeg 768w, https:\/\/bedive.be\/wp-content\/uploads\/2023\/03\/901994_446871212066021_292801734_o-1536x1020.jpeg 1536w, https:\/\/bedive.be\/wp-content\/uploads\/2023\/03\/901994_446871212066021_292801734_o.jpeg 1575w\" sizes=\"auto, (max-width: 1024px) 100vw, 1024px\" \/><\/figure>\n\n\n\n<h3 class=\"has-text-align-center has-neve-text-color-color has-text-color wp-block-heading\">Formations Circuit ouvert<\/h3>\n\n\n\n<p class=\"has-text-align-center has-neve-text-color-color has-text-color\">Du bapt\u00eame de plong\u00e9e \u00e0 la formation technique, tout est possible.<\/p>\n\n\n\n<div class=\"wp-block-buttons is-content-justification-center is-layout-flex wp-container-core-buttons-is-layout-16018d1d wp-block-buttons-is-layout-flex\">\n<div class=\"wp-block-button is-style-primary\"><a class=\"wp-block-button__link wp-element-button\" href=\"#\">PROJECT DETAILS<\/a><\/div>\n<\/div>\n\n\n\n<div style=\"height:40px\" aria-hidden=\"true\" class=\"wp-block-spacer\"><\/div>\n<\/div>\n\n\n\n<div class=\"wp-block-column is-vertically-aligned-center is-layout-flow wp-block-column-is-layout-flow\" style=\"flex-basis:50%\">\n<figure class=\"wp-block-image size-large is-resized\"><img loading=\"lazy\" decoding=\"async\" src=\"http:\/\/bedive.be\/wp-content\/uploads\/2023\/03\/Dom_epave-1024x678.jpg\" alt=\"\" class=\"wp-image-57\" width=\"568\" height=\"376\" srcset=\"https:\/\/bedive.be\/wp-content\/uploads\/2023\/03\/Dom_epave-1024x678.jpg 1024w, https:\/\/bedive.be\/wp-content\/uploads\/2023\/03\/Dom_epave-300x199.jpg 300w, https:\/\/bedive.be\/wp-content\/uploads\/2023\/03\/Dom_epave-768x509.jpg 768w, https:\/\/bedive.be\/wp-content\/uploads\/2023\/03\/Dom_epave-1536x1017.jpg 1536w, https:\/\/bedive.be\/wp-content\/uploads\/2023\/03\/Dom_epave.jpg 2048w\" sizes=\"auto, (max-width: 568px) 100vw, 568px\" \/><\/figure>\n\n\n\n<h3 class=\"has-text-align-center has-neve-text-color-color has-text-color wp-block-heading\">Formation Recycleur<\/h3>\n\n\n\n<p class=\"has-text-align-center has-neve-text-color-color has-text-color\">En association avec ATX Diving.<\/p>\n\n\n\n<div class=\"wp-block-buttons is-content-justification-center is-layout-flex wp-container-core-buttons-is-layout-16018d1d wp-block-buttons-is-layout-flex\">\n<div class=\"wp-block-button is-style-primary\"><a class=\"wp-block-button__link wp-element-button\" href=\"#\">PROJECT DETAILS<\/a><\/div>\n<\/div>\n\n\n\n<div style=\"height:40px\" aria-hidden=\"true\" class=\"wp-block-spacer\"><\/div>\n<\/div>\n<\/div>\n\n\n\n<div style=\"height:40px\" aria-hidden=\"true\" class=\"wp-block-spacer\"><\/div>\n<\/div><\/div>\n<\/div><\/div>\n\n\n\n<div class=\"wp-block-cover alignfull\" style=\"min-height:600px;aspect-ratio:unset;\"><span aria-hidden=\"true\" class=\"wp-block-cover__background has-nv-site-bg-background-color has-background-dim-100 has-background-dim\"><\/span><div class=\"wp-block-cover__inner-container is-layout-flow wp-block-cover-is-layout-flow\">\n<div class=\"wp-block-group\"><div class=\"wp-block-group__inner-container is-layout-flow wp-block-group-is-layout-flow\">\n<div style=\"height:80px\" aria-hidden=\"true\" class=\"wp-block-spacer\"><\/div>\n\n\n\n<div class=\"wp-block-columns are-vertically-aligned-center is-layout-flex wp-container-core-columns-is-layout-9d6595d7 wp-block-columns-is-layout-flex\">\n<div class=\"wp-block-column is-vertically-aligned-center is-layout-flow wp-block-column-is-layout-flow\" style=\"flex-basis:50%\">\n<figure class=\"wp-block-image size-large\"><img loading=\"lazy\" decoding=\"async\" width=\"1024\" height=\"680\" src=\"http:\/\/bedive.be\/wp-content\/uploads\/2023\/03\/885171_446870895399386_95779545_o-1024x680.jpeg\" alt=\"\" class=\"wp-image-58\" srcset=\"https:\/\/bedive.be\/wp-content\/uploads\/2023\/03\/885171_446870895399386_95779545_o-1024x680.jpeg 1024w, https:\/\/bedive.be\/wp-content\/uploads\/2023\/03\/885171_446870895399386_95779545_o-300x199.jpeg 300w, https:\/\/bedive.be\/wp-content\/uploads\/2023\/03\/885171_446870895399386_95779545_o-768x510.jpeg 768w, https:\/\/bedive.be\/wp-content\/uploads\/2023\/03\/885171_446870895399386_95779545_o-1536x1020.jpeg 1536w, https:\/\/bedive.be\/wp-content\/uploads\/2023\/03\/885171_446870895399386_95779545_o.jpeg 1575w\" sizes=\"auto, (max-width: 1024px) 100vw, 1024px\" \/><\/figure>\n\n\n\n<h3 class=\"has-text-align-center has-neve-text-color-color has-text-color wp-block-heading\">I<\/h3>\n\n\n\n<p class=\"has-text-align-center has-neve-text-color-color has-text-color\">L<\/p>\n\n\n\n<div class=\"wp-block-buttons is-content-justification-center is-layout-flex wp-container-core-buttons-is-layout-16018d1d wp-block-buttons-is-layout-flex\">\n<div class=\"wp-block-button is-style-primary\"><a class=\"wp-block-button__link wp-element-button\" href=\"#\">PROJECT DETAILS<\/a><\/div>\n<\/div>\n\n\n\n<div style=\"height:40px\" aria-hidden=\"true\" class=\"wp-block-spacer\"><\/div>\n<\/div>\n\n\n\n<div class=\"wp-block-column is-vertically-aligned-center is-layout-flow wp-block-column-is-layout-flow\" style=\"flex-basis:50%\">\n<figure class=\"wp-block-image size-large\"><img loading=\"lazy\" decoding=\"async\" width=\"1024\" height=\"680\" src=\"http:\/\/bedive.be\/wp-content\/uploads\/2023\/03\/893574_446871062066036_449124392_o-1-1024x680.jpeg\" alt=\"\" class=\"wp-image-59\" srcset=\"https:\/\/bedive.be\/wp-content\/uploads\/2023\/03\/893574_446871062066036_449124392_o-1-1024x680.jpeg 1024w, https:\/\/bedive.be\/wp-content\/uploads\/2023\/03\/893574_446871062066036_449124392_o-1-300x199.jpeg 300w, https:\/\/bedive.be\/wp-content\/uploads\/2023\/03\/893574_446871062066036_449124392_o-1-768x510.jpeg 768w, https:\/\/bedive.be\/wp-content\/uploads\/2023\/03\/893574_446871062066036_449124392_o-1-1536x1020.jpeg 1536w, https:\/\/bedive.be\/wp-content\/uploads\/2023\/03\/893574_446871062066036_449124392_o-1.jpeg 1575w\" sizes=\"auto, (max-width: 1024px) 100vw, 1024px\" \/><\/figure>\n\n\n\n<h3 class=\"has-text-align-center has-neve-text-color-color has-text-color wp-block-heading\">s<\/h3>\n\n\n\n<p class=\"has-text-align-center has-neve-text-color-color has-text-color\">L<\/p>\n\n\n\n<div class=\"wp-block-buttons is-content-justification-center is-layout-flex wp-container-core-buttons-is-layout-16018d1d wp-block-buttons-is-layout-flex\">\n<div class=\"wp-block-button is-style-primary\"><a class=\"wp-block-button__link wp-element-button\" href=\"#\">PROJECT DETAILS<\/a><\/div>\n<\/div>\n\n\n\n<div style=\"height:40px\" aria-hidden=\"true\" class=\"wp-block-spacer\"><\/div>\n<\/div>\n<\/div>\n\n\n\n<div style=\"height:40px\" aria-hidden=\"true\" class=\"wp-block-spacer\"><\/div>\n<\/div><\/div>\n<\/div><\/div>\n\n\n\n<div class=\"wp-block-cover alignfull\" style=\"min-height:300px;aspect-ratio:unset;\"><span aria-hidden=\"true\" class=\"wp-block-cover__background has-nv-dark-bg-background-color has-background-dim-100 has-background-dim\"><\/span><div class=\"wp-block-cover__inner-container is-layout-flow wp-block-cover-is-layout-flow\">\n<div style=\"height:80px\" aria-hidden=\"true\" class=\"wp-block-spacer\"><\/div>\n\n\n<div class=\"wp-block-image is-style-rounded\">\n<figure class=\"aligncenter is-resized\"><img loading=\"lazy\" decoding=\"async\" src=\"http:\/\/bedive.be\/wp-content\/themes\/neve\/assets\/img\/starter-content\/team-03.jpg\" alt=\"\" width=\"80\" height=\"80\"\/><\/figure>\n<\/div>\n\n\n<p class=\"has-text-align-center has-nv-text-dark-bg-color has-text-color\">\u201cWhat is the point of being alive if you don\u2019t at least <br>try to do something remarkable?\u201d<\/p>\n\n\n\n<p class=\"has-text-align-center has-nv-text-dark-bg-color has-text-color\" style=\"font-size:14px\">JANET MORRIS<\/p>\n\n\n\n<div style=\"height:80px\" aria-hidden=\"true\" class=\"wp-block-spacer\"><\/div>\n<\/div><\/div>\n","protected":false},"excerpt":{"rendered":"","protected":false},"author":1,"featured_media":0,"parent":0,"menu_order":0,"comment_status":"closed","ping_status":"closed","template":"","meta":{"neve_meta_sidebar":"","neve_meta_container":"","neve_meta_enable_content_width":"on","neve_meta_content_width":100,"neve_meta_title_alignment":"","neve_meta_author_avatar":"","neve_post_elements_order":"","neve_meta_disable_header":"","neve_meta_disable_footer":"","neve_meta_disable_title":"on","footnotes":""},"class_list":["post-16","page","type-page","status-publish","hentry"],"_links":{"self":[{"href":"https:\/\/bedive.be\/index.php?rest_route=\/wp\/v2\/pages\/16","targetHints":{"allow":["GET"]}}],"collection":[{"href":"https:\/\/bedive.be\/index.php?rest_route=\/wp\/v2\/pages"}],"about":[{"href":"https:\/\/bedive.be\/index.php?rest_route=\/wp\/v2\/types\/page"}],"author":[{"embeddable":true,"href":"https:\/\/bedive.be\/index.php?rest_route=\/wp\/v2\/users\/1"}],"replies":[{"embeddable":true,"href":"https:\/\/bedive.be\/index.php?rest_route=%2Fwp%2Fv2%2Fcomments&post=16"}],"version-history":[{"count":3,"href":"https:\/\/bedive.be\/index.php?rest_route=\/wp\/v2\/pages\/16\/revisions"}],"predecessor-version":[{"id":62,"href":"https:\/\/bedive.be\/index.php?rest_route=\/wp\/v2\/pages\/16\/revisions\/62"}],"wp:attachment":[{"href":"https:\/\/bedive.be\/index.php?rest_route=%2Fwp%2Fv2%2Fmedia&parent=16"}],"curies":[{"name":"wp","href":"https:\/\/api.w.org\/{rel}","templated":true}]}}